10826371?
False
Is 4625 a factor of 1205927125?
True
Is 57857363 a multiple of 133?
False
Is 91910815 a multiple of 867?
False
Does 331 divide 20452854?
False
Does 231 divide 1868160063?
True
Does 88 divide 17810144?
True
Is 346393254 a multiple of 30?
False
Does 6 divide 9679842?
True
Is 1386 a factor of 1653798983?
False
Is 2952 a factor of 75110688?
True
Is 32209829 a multiple of 2701?
False
Is 24683847 a multiple of 32?
False
Is 111 a factor of 224786072?
False
Does 1942 divide 159584631?
False
Does 55 divide 14785980?
True
Is 95 a factor of 122241080?
False
Is 2929 a factor of 151432229?
True
Does 10 divide 1776139564?
False
Is 870 a factor of 3788550447?
False
Does 349 divide 5337606?
True
Does 26 divide 22828858?
True
Is 193224219 a multiple of 23?
True
Does 21 divide 51719199?
True
Is 3 a factor of 912364136?
False
Does 586 divide 44829261?
False
Is 216776374 a multiple of 104?
False
Is 27464772 a multiple of 29?
False
Is 21 a factor of 1007380611?
False
Is 168 a factor of 136554532?
False
Is 183214790 a multiple of 71?
True
Does 142 divide 30536674?
True
Is 14330 a factor of 1411361700?
True
Is 8 a factor of 829968?
True
Is 583 a factor of 1030078129?
False
Does 2497 divide 8060316?
True
Does 429 divide 1425744857?
False
Is 12 a factor of 60385673?
False
Is 37 a factor of 310228801?
False
Is 109007424 a multiple of 1194?
True
Is 1762137455 a multiple of 12?
False
Is 158 a factor of 3457466373?
False
Is 164 a factor of 1580304?
True
Is 60004879 a multiple of 19?
False
Is 379 a factor of 32183042?
False
Is 427 a factor of 5998866?
False
Is 858788557 a multiple of 10?
False
Is 4347 a factor of 670262053?
False
Is 316647012 a multiple of 130?
False
Is 44 a factor of 552901943?
False
Does 61 divide 19613025?
True
Is 381 a factor of 1503868722?
True
Is 143 a factor of 149186180?
True
Is 4927545 a multiple of 14?
False
Is 8 a factor of 1181408?
True
Does 21 divide 9652692?
True
Is 1194770787 a multiple of 3141?
False
Is 71810046 a multiple of 126?
True
Is 22695961 a multiple of 693?
False
Is 72 a factor of 1051381080?
True
Is 248364 a multiple of 7?
False
Is 543 a factor of 446463213?
False
Is 96 a factor of 120471840?
True
Does 45 divide 791583885?
True
Is 1157 a factor of 1337268369?
False
Is 164 a factor of 68150200?
True
Does 3440 divide 252072047?
False
Is 5 a factor of 24361905?
True
Does 745 divide 47939414?
False
Is 6 a factor of 289658009?
False
Is 191 a factor of 4317937?
True
Is 7321 a factor of 258467905?
True
Is 5478846 a multiple of 3?
True
Is 28 a factor of 216711824?
True
Does 2467 divide 1435813736?
True
Is 43761759 a multiple of 39?
False
Does 1143 divide 18133695?
True
Is 705224682 a multiple of 43?
True
Is 490183556 a multiple of 61?
True
Is 540075887 a multiple of 2767?
False
Is 384143940 a multiple of 1601?
True
Does 11 divide 38159135?
False
Is 268 a factor of 1744948?
True
Is 1189 a factor of 65977610?
True
Is 36441696 a multiple of 24?
True
Does 219 divide 226642881?
True
Is 109356897 a multiple of 77?
False
Is 149 a factor of 57037498?
True
Is 17191474 a multiple of 513?
False
Is 578036477 a multiple of 108?
False
Is 44934210 a multiple of 27?
True
Does 59 divide 129221806?
False
Is 18 a factor of 160752402?
True
Does 39 divide 81605160?
True
Does 14 divide 1224325326?
True
Does 113 divide 213953814?
False
Is 24675110 a multiple of 264?
False
Does 786 divide 6191322?
True
Is 176 a factor of 495603504?
True
Does 1142 divide 1830921074?
False
Is 7 a factor of 7365841?
True
Is 13265689 a multiple of 3?
False
Is 801 a factor of 619316379?
True
Is 1753 a factor of 39070864?
True
Does 22 divide 142676719?
False
Is 3939381 a multiple of 9?
True
Is 396920718 a multiple of 89?
False
Is 1417295053 a multiple of 14?
False
Is 83628044 a multiple of 38?
True
Does 16 divide 783999216?
True
Is 10 a factor of 504707783?
False
Does 1258 divide 153121244?
True
Is 15229287 a multiple of 9?
True
Is 1971784355 a multiple of 17?
True
Does 82 divide 108221304?
True
Is 113 a factor of 107604502?
False
Does 11 divide 1200701392?
True
Is 40801516 a multiple of 43?
False
Is 159158864 a multiple of 16?
True
Does 100 divide 142148100?
True
Is 24 a factor of 3081693744?
True
Does 74 divide 145732680?
False
Is 448611871 a multiple of 15?
False
Is 609540188 a multiple of 1491?
False
Does 52 divide 15400504?
False
Does 15 divide 5644516?
False
Does 1231 divide 6109266?
False
Does 62 divide 3079421703?
False
Does 239 divide 1687493963?
False
Does 6813 divide 401762775?
False
Is 2063149 a multiple of 114?
False
Is 537 a factor of 515476503?
True
Is 11957766 a multiple of 621?
False
Is 197 a factor of 667988368?
False
Does 213 divide 223664362?
False
Is 85317028 a multiple of 3818?
True
Is 261761745 a multiple of 35?
True
Is 79 a factor of 28455925?
False
Does 319 divide 2260255444?
False
Is 5089119 a multiple of 2?
False
Is 165155 a multiple of 67?
True
Is 124771509 a multiple of 387?
True
Is 149145893 a multiple of 6?
False
Does 4 divide 28163200?
True
Is 277 a factor of 148844288?
True
Is 14335986 a multiple of 25?
False
Does 26 divide 52725764?
True
Is 2 a factor of 1470566?
True
Is 680 a factor of 11196200?
True
Does 78 divide 62499840?
True
Does 512 divide 3012182700?
False
Does 24 divide 90357892?
False
Is 1282 a factor of 33883260?
True
Does 1307 divide 443315224?
False
Does 523 divide 1332604?
True
Does 1510 divide 1455756338?
False
Is 3 a factor of 256309241?
False
Is 166526127 a multiple of 171?
True
Does 67 divide 21203093?
False
Does 285 divide 59939977?
False
Is 86866346 a multiple of 18?
False
Does 113 divide 22068?
False
Is 132 a factor of 2647524?
True
Is 178 a factor of 3059783040?
False
Is 9005 a factor of 1067596780?
True
Is 12 a factor of 2401507272?
True
Is 29883220 a multiple of 16?
False
Does 57 divide 7184280?
True
Is 52364022 a multiple of 31?
True
Is 17 a factor of 49516901?
False
Is 1774 a factor of 977474?
True
Is 4033384 a multiple of 21?
False
Does 9 divide 287193294?
True
Is 51161446 a multiple of 21?
False
Is 1649628 a multiple of 12?
True
Is 46150896 a multiple of 11?
True
Is 2520995830 a multiple of 430?
True
Does 2 divide 1531783?
False
Is 11 a factor of 85708304?
True
Does 4 divide 48616761?
False
Is 96 a factor of 20942592?
True
Does 1145 divide 29022315?
True
Is 156213282 a multiple of 12?
False
Is 668635004 a multiple of 239?
True
Is 26565638 a multiple of 11?
True
Is 90 a factor of 5383285920?
True
Does 10 divide 140070310?
True
Does 1785 divide 1213394805?
True
Is 310 a factor of 71304650?
True
Is 663 a factor of 100273845?
False
Does 555 divide 74741850?
True
Is 848807528 a multiple of 62?
True
Is 8330299 a multiple of 6?
False
Does 24 divide 660371422?
False
Is 6 a factor of 8353806?
True
Does 40 divide 24767958?
False
Is 2599 a factor of 33984524?
True
Is 216680923 a multiple of 17?
False
Does 2064 divide 109757328?
True
Is 79 a factor of 120725957?
False
Does 15 divide 332454581?
False
Is 999527880 a multiple of 24?
True
Does 36 divide 51951333?
False
Is 106178120 a multiple of 74?
False
Is 372596069 a multiple of 434?
False
Is 12 a factor of 192421896?
True
Does 116 divide 586405984?
True
Is 1969819156 a multiple of 15?
False
Does 178 divide 269000720?
True
Is 979396890 a multiple of 10?
True
Is 439947496 a multiple of 194?
False
Is 1692 a factor of 13998008?
False
Is 4619 a factor of 1514750241?
True
Is 2036 a factor of 3520956600?
True
Does 624 divide 10474462?
False
Does 162 divide 2354344958?
False
Is 32208000 a multiple of 1600?
True
Is 345 a factor of 1700504310?
True
Is 26825283 a multiple of 57?
True
Is 25 a factor of 364747600?
True
Is 83 a factor of 1453387187?
True
Is 1447761238 a multiple of 473?
True
Is 1893699 a multiple of 243?
True
Does 12 divide 716376799?
False
Is 523252835 a multiple of 752?
False
Does 5 divide 7136145?
True
Does 5027 divide 484829603?
False
Is 10967838 a multiple of 14?
True
Does 988 divide 649821308?
False
Is 9053478 a multiple of 126?
True
Is 13045540 a multiple of 710?
True
Does 48 divide 25102829?
False
Is 26 a factor of 1370566947?
False
Is 1343150205 a multiple of 393?
True
Is 525921253 a multiple of 10?
False
Does 1320 divide 20987006?
False
Is 516134218 a multiple of 111?
False
Is 41 a factor of 77006200?
True
Is 15 a factor of 9904013?
False
Is 508171300 